= 4*o**3 - 2478*o**2 - 1202*o - 23559. Calculate r(620).
1
Let d(j) = -297*j + 106262. What is d(357)?
233
Let g(h) = 2*h**3 - 159*h**2 + 136*h - 4494. What is g(79)?
9
Let b(f) = -22715*f - 340732. Give b(-15).
-7
Let n(x) = 99698*x - 1595159. Calculate n(16).
9
Let z(f) = 17*f**2 + 73036*f + 73033. What is z(-1)?
14
Let p(c) = -9866*c - 187458. What is p(-19)?
-4
Let j(d) = 202*d**2 - 9009*d + 50655. Calculate j(38).
1
Let k(g) = -165616*g + 331246. Calculate k(2).
14
Let r(l) = -34*l**3 + 124*l**2 + 30*l + 88. Determine r(4).
16
Let b(d) = -d**3 - 9*d**2 + 80*d + 676. What is b(-7)?
18
Let n(i) = -35505*i - 142246. Calculate n(-4).
-226
Let q(t) = -57*t**2 - 61*t + 53. Determine q(1).
-65
Let k(y) = 2*y**2 + 1095201*y + 5475963. What is k(-5)?
8
Let o(k) = 9*k**3 - 8*k**2 + 6*k - 102. Determine o(4).
370
Let l(g) = g**3 - 28*g**2 + 78372*g - 1799918. What is l(23)?
-7
Let p(i) = -5*i**3 + 62*i**2 + 182*i - 2902. What is p(11)?
-53
Let q(j) = 2*j**3 - 8*j**2 + 35*j - 61. Give q(2).
-7
Let y(c) = 3*c**3 - 287*c**2 + 4646*c + 114. Calculate y(75).
-186
Let q(v) = -16*v**2 + 29*v + 1346. Determine q(-8).
90
Let g(k) = 2*k**2 - 21*k - 19058. Determine g(-91).
-585
Let g(b) = -5200*b - 1476838. Calculate g(-284).
-38
Let t(c) = -75*c**2 + 4174*c + 17961. Give t(-4).
65
Let p(w) = -1070*w - 48098. Determine p(-45).
52
Let x(o) = -2*o**3 + o**2 + 15*o - 39. Give x(5).
-189
Let c(i) = 10158*i + 61284. Give c(-6).
336
Let u(x) = 78072*x + 1951767. What is u(-25)?
-33
Let g(c) = 2431326*c + 14587992. What is g(-6)?
36
Let v(g) = -g**3 + 11*g**2 + 35535*g - 532124. What is v(15)?
1
Let n(d) = -d**3 + 86*d**2 + 350*d + 927. What is n(90)?
27
Let b(f) = -111*f**2 + 2103*f + 2105. Give b(-1).
-109
Let u(r) = -211495*r + 634475. What is u(3)?
-10
Let t(k) = -2*k**3 - 28*k**2 - 146*k - 877. What is t(-11)?
3
Let q(g) = -4*g**2 - 33472*g - 66970. Calculate q(-2).
-42
Let z(q) = -31849*q**2 + 318497*q - 74. Give z(10).
-4
Let a(d) = -24*d**2 - 5988*d + 9186. What is a(-251)?
150
Let p(m) = m**3 - 4*m**2 - 8014*m + 13. What is p(0)?
13
Let t(g) = 151*g**2 + 37149*g - 35. What is t(-246)?
-773
Let r(f) = -2*f**2 + 192*f - 2756. Determine r(17).
-70
Let o(i) = -i**3 + 19*i**2 + 164*i + 577. Determine o(26).
109
Let o(z) = 3*z**2 + 47*z + 1633. Determine o(-41).
4749
Let b(s) = -s**2 + 25729*s + 180219. Calculate b(-7).
67
Let x(g) = g**3 + 164*g**2 + 883*g - 10221. What is x(-158)?
49
Let f(z) = -z**3 + 476*z**2 - 723*z - 106644. Determine f(474).
6
Let d(q) = 6*q**2 - 568*q + 128. Give d(95).
318
Let k(z) = -z**2 + 12188*z + 158642. Give k(-13).
29
Let a(l) = 222*l + 844. Determine a(-7).
-710
Let l(v) = 18*v**3 - 155*v**2 - 50*v - 3. Determine l(9).
114
Let c(j) = -3*j**3 - 599*j**2 + 194*j - 1206. Determine c(-200).
-6
Let z(m) = 3679*m**2 + 114051*m + 47. Determine z(-31).
-15
Let z(o) = 3*o**2 - 426*o + 6377. Calculate z(125).
2
Let m(l) = 9979*l + 19907. What is m(-2)?
-51
Let w(m) = m**2 - 898*m + 4441. Determine w(5).
-24
Let a(h) = 131774*h + 131714. Calculate a(-1).
-60
Let x(t) = -1573*t - 18339. Determine x(-11).
-1036
Let d(f) = f**3 + 33*f**2 + 150*f - 29. Give d(-6).
43
Let o(a) = 496*a**2 - 2554*a + 373. Give o(5).
3
Let o(q) = -2*q**3 + 408*q**2 + 1194*q + 9937. What is o(207)?
1
Let l(o) = -1407*o - 12551. Determine l(-9).
112
Let q(y) = y**3 - 44*y**2 - 158*y + 1499. Calculate q(48).
3131
Let y(v) = -47*v**2 - 174*v - 820. What is y(-5)?
-1125
Let l(g) = 19*g**3 - 41*g**2 + 7095*g - 14187. Determine l(2).
-9
Let h(d) = -d**3 - 55*d**2 - 512*d + 1445. Give h(-42).
17
Let z(l) = l**2 - 762*l - 74809. Give z(-88).
-9
Let z(t) = -13*t**2 - 16*t + 523. Calculate z(-7).
-2
Let n(o) = -137144*o + 137179. What is n(1)?
35
Let s(l) = 9*l**2 + 1132*l - 121. Calculate s(-126).
131
Let f(q) = 929*q + 136499. Give f(-147).
-64
Let v(q) = -2544*q - 12588. Calculate v(-5).
132
Let a(l) = l**3 - 161*l**2 - 1162*l - 2493. Calculate a(168).
-141
Let a(z) = z**3 - 257*z**2 - 27669*z + 10584. What is a(-82)?
6
Let k(h) = -45*h - 1333. What is k(-49)?
872
Let x(o) = -29891*o + 20863910. Calculate x(698).
-8
Let g(d) = -4458*d + 49033. Give g(11).
-5
Let g(b) = -31001*b + 899051. What is g(29)?
22
Let a(b) = -48*b**2 + 2247*b - 14898. What is a(8)?
6
Let s(f) = -14*f**2 + 13711*f + 27452. Give s(-2).
-26
Let o(d) = 2*d**2 + 158*d. Determine o(-79).
0
Let u(k) = 2*k**2 - 186*k + 2601. Calculate u(15).
261
Let b(n) = 6*n**3 - 74*n**2 - 146*n + 138. What is b(14)?
54
Let s(y) = -22*y**2 + 138*y + 61. Calculate s(4).
261
Let i(b) = -b**3 - 107*b**2 - 1053*b - 152142. Determine i(-110).
-12
Let d(u) = 6*u**2 - 1975*u - 59674. Determine d(357).
-55
Let n(d) = 16*d**2 - 2839*d + 32868. Determine n(165).
33
Let g(h) = 10*h**2 + 189*h - 268. Calculate g(-21).
173
Let w(z) = -294*z + 1369. Give w(3).
487
Let l(a) = -12973390*a - 51893566. Give l(-4).
-6
Let j(l) = 314*l - 4138. What is j(13)?
-56
Let x(n) = -710*n - 94393. Determine x(-133).
37
Let d(j) = j**3 - 28*j**2 + 399*j - 5705. What is d(20)?
-925
Let t(k) = k**3 - 17*k**2 + 982*k - 14589. What is t(15)?
-309
Let y(i) = 55*i**2 - 578*i + 764. Calculate y(9).
17
Let f(b) = -32222*b + 4736635. Give f(147).
1
Let b(h) = 41*h**2 + 1510*h + 10490. What is b(-7)?
1929
Let q(b) = b**2 - 60*b - 1555. What is q(-19)?
-54
Let l(p) = 40*p**2 + 1035*p - 153. What is l(-26)?
-23
Let f(o) = -o**2 + 21*o + 71. What is f(30)?
-199
Let c(y) = 3*y**2 + 2911*y - 41210. What is c(14)?
132
Let u(p) = -p**3 + p**2 + 51*p - 177. What is u(4)?
-21
Let m(b) = -40*b**3 - 4*b**2 - 11*b + 63. What is m(2)?
-295
Let v(t) = 2*t**3 - 102*t**2 - 2306*t - 410. Give v(68).
-2
Let k(l) = 299881*l + 1499381. Calculate k(-5).
-24
Let c(d) = 9480*d + 45344. Determine c(-5).
-2056
Let n(r) = -1281389*r + 32034716. Calculate n(25).
-9
Let k(p) = p**3 + 118*p**2 - 23746*p - 82. Determine k(-224).
366
Let m(c) = -5*c**3 + 317*c**2 - 436*c + 110. Determine m(62).
-14
Let l(f) = -209*f + 4779. Give l(24).
-237
Let q(z) = 16*z - 27. Calculate q(41).
629
Let a(g) = -g**3 + 13*g**2 + 133*g - 1293. What is a(16)?
67
Let u(r) = -10526*r - 536471. Determine u(-51).
355
Let f(l) = l**3 + 85*l**2 + 1096*l + 144. What is f(-69)?
696
Let z(x) = -x**3 - 103*x**2 + 59*x - 4679. What is z(-104)?
1
Let r(z) = 2556*z + 416621. Determine r(-163).
-7
Let n(y) = -60*y - 1236. Give n(78).
-5916
Let k(n) = -n**2 + 296*n + 3619. Give k(308).
-77
Let a(w) = 2*w**2 - 44486*w - 935087. Give a(-21).
1
Let b(d) = -48195*d - 1253078. Determine b(-26).
-8
Let d(f) = -2*f**3 + 27*f**2 + 1297*f - 15799. Determine d(12).
197
Let t(k) = 862*k**3 + 5170*k**2 - 5*k + 48. What is t(-6)?
6
Let d(s) = -3*s**3 + 101*s**2 - 417*s + 11567. Calculate d(33).
-16
Let q(y) = 13*y**2 + 83*y - 462. What is q(-10)?
8
Let x(i) = 79497*i - 317992. Give x(4).
-4
Let a(k) = 10*k + 5117. Give a(-35).
4767
Let z(y) = 117*y - 10683. Calculate z(92).
81
Let g(b) = -300*b - 16161. Calculate g(-54).
39
Let u(g) = -g**3 + 18*g**2 + 130*g - 89. What is u(24)?
-425
Let k(d) = -14939*d - 1090553. Determine k(-73).
-6
Let k(l) = 2*l**3 + 27*l**2 - 68*l + 53. What is k(-15)?
398
Let d(p) = p + 343. Calculate d(89).
432
Let x(y) = y**3 - 484*y**2 - 57634*y + 8212. Calculate x(-99).
-5
Let n(x) = -21523*x - 365845. Calculate n(-17).
46
Let v(w) = 410*w**2 + 2877*w - 164. Calculate v(-7).
-213
Let n(p) = p**3 - 109*p**2 + 552*p - 32. What is n(5)?
128
Let h(j) = 47*j**2 + 2174*j + 83. What is h(-47)?
1728
Let q(h) = -14*h**2 + 467*h - 586. What is q(31)?
437
Let z(h) = -h**3 - 8*h**2 + 591*h + 1198. Determine z(-2).
-8
Let v(p) = p**3 + 40*p**2 - 5821*p + 2263. Determine v(-99).
283
Let n(z) = 345*z**3 - 1457*z**2 + 15. Determine n(4).
-1217
Let t(z) = 115*z**2 - 4397*z + 1056. Determine t(38).
30
Let j(g) = 2509*g - 122750. Determine j(49).
191
Let y(p) = 392*p - 365. Determine y(2).
419
Let x(f) = 2*f**3 - 8*f**2 + 85*f - 217. Give x(4).
123
Let l(q) = 6863*q + 75013. Determine l(-11).
-480
Let i(m) = -47*m**2 - 43827*m + 43828. Determine i(1).
-46
Let x(i) = -22*i**2 + 2414*i - 4830. Determine x(2).
-90
Let t(g) = -g**2 + 221*g + 166246. Determine t(-312).
-50
Let m(b) = -70*b**2 - 9023*b - 120. Calculate m(-129).
-1023
Let z(t) = t**3 - 5*t**2 + 20*t + 489. What is z(0)?
489
Let q(p) = -p**2 + 773*p - 6826. Give q(9